{"version":"1.0","provider_name":"K\u00e1rp\u00e1taljai Magyar Kultur\u00e1lis Sz\u00f6vegs\u00e9g Ifj\u00fas\u00e1gi Szervezete","provider_url":"https:\/\/kmkszisz.com\/ua","author_name":"zbocx6n7zj65","author_url":"https:\/\/kmkszisz.com\/ua\/author\/zbocx6n7zj65\/","title":"Essz\u00e9p\u00e1ly\u00e1zat: \u201eEgy nap, amikor r\u00e1j\u00f6ttem: sz\u00e1m\u00edtok\u201d - K\u00e1rp\u00e1taljai Magyar Kultur\u00e1lis Sz\u00f6vegs\u00e9g Ifj\u00fas\u00e1gi Szervezete","type":"rich","width":600,"height":338,"html":"<blockquote class=\"wp-embedded-content\" data-secret=\"bNdp8NgDbT\"><a href=\"https:\/\/kmkszisz.com\/ua\/esszepalyazat-egy-nap-amikor-rajottem-szamitok\/\">Essz\u00e9p\u00e1ly\u00e1zat: \u201eEgy nap, amikor r\u00e1j\u00f6ttem: sz\u00e1m\u00edtok\u201d<\/a><\/blockquote><iframe sandbox=\"allow-scripts\" security=\"restricted\" src=\"https:\/\/kmkszisz.com\/ua\/esszepalyazat-egy-nap-amikor-rajottem-szamitok\/embed\/#?secret=bNdp8NgDbT\" width=\"600\" height=\"338\" title=\"&#8220;Essz\u00e9p\u00e1ly\u00e1zat: \u201eEgy nap, amikor r\u00e1j\u00f6ttem: sz\u00e1m\u00edtok\u201d&#8221; &#8212; K\u00e1rp\u00e1taljai Magyar Kultur\u00e1lis Sz\u00f6vegs\u00e9g Ifj\u00fas\u00e1gi Szervezete\" data-secret=\"bNdp8NgDbT\" frameborder=\"0\" marginwidth=\"0\" marginheight=\"0\" scrolling=\"no\" class=\"wp-embedded-content\"><\/iframe><script>\n\/*! This file is auto-generated *\/\n!function(d,l){\"use strict\";l.querySelector&&d.addEventListener&&\"undefined\"!=typeof URL&&(d.wp=d.wp||{},d.wp.receiveEmbedMessage||(d.wp.receiveEmbedMessage=function(e){var t=e.data;if((t||t.secret||t.message||t.value)&&!\/[^a-zA-Z0-9]\/.test(t.secret)){for(var s,r,n,a=l.querySelectorAll('iframe[data-secret=\"'+t.secret+'\"]'),o=l.querySelectorAll('blockquote[data-secret=\"'+t.secret+'\"]'),c=new RegExp(\"^https?:$\",\"i\"),i=0;i<o.length;i++)o[i].style.display=\"none\";for(i=0;i<a.length;i++)s=a[i],e.source===s.contentWindow&&(s.removeAttribute(\"style\"),\"height\"===t.message?(1e3<(r=parseInt(t.value,10))?r=1e3:~~r<200&&(r=200),s.height=r):\"link\"===t.message&&(r=new URL(s.getAttribute(\"src\")),n=new URL(t.value),c.test(n.protocol))&&n.host===r.host&&l.activeElement===s&&(d.top.location.href=t.value))}},d.addEventListener(\"message\",d.wp.receiveEmbedMessage,!1),l.addEventListener(\"DOMContentLoaded\",function(){for(var e,t,s=l.querySelectorAll(\"iframe.wp-embedded-content\"),r=0;r<s.length;r++)(t=(e=s[r]).getAttribute(\"data-secret\"))||(t=Math.random().toString(36).substring(2,12),e.src+=\"#?secret=\"+t,e.setAttribute(\"data-secret\",t)),e.contentWindow.postMessage({message:\"ready\",secret:t},\"*\")},!1)))}(window,document);\n\/\/# sourceURL=https:\/\/kmkszisz.com\/wp-includes\/js\/wp-embed.min.js\n<\/script>","thumbnail_url":"https:\/\/kmkszisz.com\/wp-content\/uploads\/2026\/03\/619308470_1371352048370121_2228410784114458546_n-1.jpg","thumbnail_width":1440,"thumbnail_height":1018,"description":"A KMKSZ Ifj\u00fas\u00e1gi Szervezete essz\u00e9p\u00e1ly\u00e1zatot hirdet Barta J\u00f3zsef, a KMKSZ egykori aleln\u00f6k\u00e9nek eml\u00e9k\u00e9re. A felh\u00edv\u00e1s azon fiatalokhoz sz\u00f3l, akik szeretn\u00e9k [&hellip;]"}

Kárpátaljai Magyar Kulturális Szövegség Ifjúsági Szervezete

Esszépályázat: „Egy nap, amikor rájöttem: számítok” - Kárpátaljai Magyar Kulturális Szövegség Ifjúsági Szervezete

<blockquote class="wp-embedded-content" data-secret="bNdp8NgDbT"><a href="https://kmkszisz.com/ua/esszepalyazat-egy-nap-amikor-rajottem-szamitok/">Esszépályázat: „Egy nap, amikor rájöttem: számítok”</a></blockquote><iframe sandbox="allow-scripts" security="restricted" src="https://kmkszisz.com/ua/esszepalyazat-egy-nap-amikor-rajottem-szamitok/embed/#?secret=bNdp8NgDbT" width="600" height="338" title="&#8220;Esszépályázat: „Egy nap, amikor rájöttem: számítok”&#8221; &#8212; Kárpátaljai Magyar Kulturális Szövegség Ifjúsági Szervezete" data-secret="bNdp8NgDbT" frameborder="0" marginwidth="0" marginheight="0" scrolling="no" class="wp-embedded-content"></iframe><script>
/*! This file is auto-generated */
!function(d,l){"use strict";l.querySelector&&d.addEventListener&&"undefined"!=typeof URL&&(d.wp=d.wp||{},d.wp.receiveEmbedMessage||(d.wp.receiveEmbedMessage=function(e){var t=e.data;if((t||t.secret||t.message||t.value)&&!/[^a-zA-Z0-9]/.test(t.secret)){for(var s,r,n,a=l.querySelectorAll('iframe[data-secret="'+t.secret+'"]'),o=l.querySelectorAll('blockquote[data-secret="'+t.secret+'"]'),c=new RegExp("^https?:$","i"),i=0;i<o.length;i++)o[i].style.display="none";for(i=0;i<a.length;i++)s=a[i],e.source===s.contentWindow&&(s.removeAttribute("style"),"height"===t.message?(1e3<(r=parseInt(t.value,10))?r=1e3:~~r<200&&(r=200),s.height=r):"link"===t.message&&(r=new URL(s.getAttribute("src")),n=new URL(t.value),c.test(n.protocol))&&n.host===r.host&&l.activeElement===s&&(d.top.location.href=t.value))}},d.addEventListener("message",d.wp.receiveEmbedMessage,!1),l.addEventListener("DOMContentLoaded",function(){for(var e,t,s=l.querySelectorAll("iframe.wp-embedded-content"),r=0;r<s.length;r++)(t=(e=s[r]).getAttribute("data-secret"))||(t=Math.random().toString(36).substring(2,12),e.src+="#?secret="+t,e.setAttribute("data-secret",t)),e.contentWindow.postMessage({message:"ready",secret:t},"*")},!1)))}(window,document);
//# sourceURL=https://kmkszisz.com/wp-includes/js/wp-embed.min.js
</script>

A KMKSZ Ifjúsági Szervezete esszépályázatot hirdet Barta József, a KMKSZ egykori alelnökének emlékére. A felhívás azon fiatalokhoz szól, akik szeretnék [&hellip;]
