{"version":"1.0","provider_name":"K\u00e1rp\u00e1taljai Magyar Kultur\u00e1lis Sz\u00f6vegs\u00e9g Ifj\u00fas\u00e1gi Szervezete","provider_url":"https:\/\/kmkszisz.com\/ua","author_name":"zbocx6n7zj65","author_url":"https:\/\/kmkszisz.com\/ua\/author\/zbocx6n7zj65\/","title":"Fot\u00f3p\u00e1ly\u00e1zat \u2013 \u201eK\u00e1rp\u00e1talja sz\u00e9ps\u00e9gei lencsev\u00e9gen 2025\u201d - K\u00e1rp\u00e1taljai Magyar Kultur\u00e1lis Sz\u00f6vegs\u00e9g Ifj\u00fas\u00e1gi Szervezete","type":"rich","width":600,"height":338,"html":"<blockquote class=\"wp-embedded-content\" data-secret=\"ejE7YdB3Th\"><a href=\"https:\/\/kmkszisz.com\/ua\/fotopalyazat-karpatalja-szepsegei-lencsevegen-2025\/\">Fot\u00f3p\u00e1ly\u00e1zat \u2013 \u201eK\u00e1rp\u00e1talja sz\u00e9ps\u00e9gei lencsev\u00e9gen 2025\u201d<\/a><\/blockquote><iframe sandbox=\"allow-scripts\" security=\"restricted\" src=\"https:\/\/kmkszisz.com\/ua\/fotopalyazat-karpatalja-szepsegei-lencsevegen-2025\/embed\/#?secret=ejE7YdB3Th\" width=\"600\" height=\"338\" title=\"&#8220;Fot\u00f3p\u00e1ly\u00e1zat \u2013 \u201eK\u00e1rp\u00e1talja sz\u00e9ps\u00e9gei lencsev\u00e9gen 2025\u201d&#8221; &#8212; K\u00e1rp\u00e1taljai Magyar Kultur\u00e1lis Sz\u00f6vegs\u00e9g Ifj\u00fas\u00e1gi Szervezete\" data-secret=\"ejE7YdB3Th\" frameborder=\"0\" marginwidth=\"0\" marginheight=\"0\" scrolling=\"no\" class=\"wp-embedded-content\"><\/iframe><script>\n\/*! This file is auto-generated *\/\n!function(d,l){\"use strict\";l.querySelector&&d.addEventListener&&\"undefined\"!=typeof URL&&(d.wp=d.wp||{},d.wp.receiveEmbedMessage||(d.wp.receiveEmbedMessage=function(e){var t=e.data;if((t||t.secret||t.message||t.value)&&!\/[^a-zA-Z0-9]\/.test(t.secret)){for(var s,r,n,a=l.querySelectorAll('iframe[data-secret=\"'+t.secret+'\"]'),o=l.querySelectorAll('blockquote[data-secret=\"'+t.secret+'\"]'),c=new RegExp(\"^https?:$\",\"i\"),i=0;i<o.length;i++)o[i].style.display=\"none\";for(i=0;i<a.length;i++)s=a[i],e.source===s.contentWindow&&(s.removeAttribute(\"style\"),\"height\"===t.message?(1e3<(r=parseInt(t.value,10))?r=1e3:~~r<200&&(r=200),s.height=r):\"link\"===t.message&&(r=new URL(s.getAttribute(\"src\")),n=new URL(t.value),c.test(n.protocol))&&n.host===r.host&&l.activeElement===s&&(d.top.location.href=t.value))}},d.addEventListener(\"message\",d.wp.receiveEmbedMessage,!1),l.addEventListener(\"DOMContentLoaded\",function(){for(var e,t,s=l.querySelectorAll(\"iframe.wp-embedded-content\"),r=0;r<s.length;r++)(t=(e=s[r]).getAttribute(\"data-secret\"))||(t=Math.random().toString(36).substring(2,12),e.src+=\"#?secret=\"+t,e.setAttribute(\"data-secret\",t)),e.contentWindow.postMessage({message:\"ready\",secret:t},\"*\")},!1)))}(window,document);\n\/\/# sourceURL=https:\/\/kmkszisz.com\/wp-includes\/js\/wp-embed.min.js\n<\/script>","thumbnail_url":"https:\/\/kmkszisz.com\/wp-content\/uploads\/2025\/11\/557442683_1277433007762026_2426903322960631408_n.jpg","thumbnail_width":1448,"thumbnail_height":2048,"description":"A K\u00e1rp\u00e1taljai Magyar Kultur\u00e1lis Sz\u00f6vets\u00e9g Ifj\u00fas\u00e1gi Szervezete (KMKSZ ISZ) id\u00e9n is fot\u00f3p\u00e1ly\u00e1zatot hirdet, amelynek k\u00f6z\u00e9ppontj\u00e1ban K\u00e1rp\u00e1talja term\u00e9szeti sz\u00e9ps\u00e9gei, kultur\u00e1lis \u00f6r\u00f6ks\u00e9ge [&hellip;]"}

Kárpátaljai Magyar Kulturális Szövegség Ifjúsági Szervezete

Fotópályázat – „Kárpátalja szépségei lencsevégen 2025” - Kárpátaljai Magyar Kulturális Szövegség Ifjúsági Szervezete

<blockquote class="wp-embedded-content" data-secret="ejE7YdB3Th"><a href="https://kmkszisz.com/ua/fotopalyazat-karpatalja-szepsegei-lencsevegen-2025/">Fotópályázat – „Kárpátalja szépségei lencsevégen 2025”</a></blockquote><iframe sandbox="allow-scripts" security="restricted" src="https://kmkszisz.com/ua/fotopalyazat-karpatalja-szepsegei-lencsevegen-2025/embed/#?secret=ejE7YdB3Th" width="600" height="338" title="&#8220;Fotópályázat – „Kárpátalja szépségei lencsevégen 2025”&#8221; &#8212; Kárpátaljai Magyar Kulturális Szövegség Ifjúsági Szervezete" data-secret="ejE7YdB3Th" frameborder="0" marginwidth="0" marginheight="0" scrolling="no" class="wp-embedded-content"></iframe><script>
/*! This file is auto-generated */
!function(d,l){"use strict";l.querySelector&&d.addEventListener&&"undefined"!=typeof URL&&(d.wp=d.wp||{},d.wp.receiveEmbedMessage||(d.wp.receiveEmbedMessage=function(e){var t=e.data;if((t||t.secret||t.message||t.value)&&!/[^a-zA-Z0-9]/.test(t.secret)){for(var s,r,n,a=l.querySelectorAll('iframe[data-secret="'+t.secret+'"]'),o=l.querySelectorAll('blockquote[data-secret="'+t.secret+'"]'),c=new RegExp("^https?:$","i"),i=0;i<o.length;i++)o[i].style.display="none";for(i=0;i<a.length;i++)s=a[i],e.source===s.contentWindow&&(s.removeAttribute("style"),"height"===t.message?(1e3<(r=parseInt(t.value,10))?r=1e3:~~r<200&&(r=200),s.height=r):"link"===t.message&&(r=new URL(s.getAttribute("src")),n=new URL(t.value),c.test(n.protocol))&&n.host===r.host&&l.activeElement===s&&(d.top.location.href=t.value))}},d.addEventListener("message",d.wp.receiveEmbedMessage,!1),l.addEventListener("DOMContentLoaded",function(){for(var e,t,s=l.querySelectorAll("iframe.wp-embedded-content"),r=0;r<s.length;r++)(t=(e=s[r]).getAttribute("data-secret"))||(t=Math.random().toString(36).substring(2,12),e.src+="#?secret="+t,e.setAttribute("data-secret",t)),e.contentWindow.postMessage({message:"ready",secret:t},"*")},!1)))}(window,document);
//# sourceURL=https://kmkszisz.com/wp-includes/js/wp-embed.min.js
</script>

A Kárpátaljai Magyar Kulturális Szövetség Ifjúsági Szervezete (KMKSZ ISZ) idén is fotópályázatot hirdet, amelynek középpontjában Kárpátalja természeti szépségei, kulturális öröksége [&hellip;]
