{"version":"1.0","provider_name":"K\u00e1rp\u00e1taljai Magyar Kultur\u00e1lis Sz\u00f6vegs\u00e9g Ifj\u00fas\u00e1gi Szervezete","provider_url":"https:\/\/kmkszisz.com\/ua","author_name":"zbocx6n7zj65","author_url":"https:\/\/kmkszisz.com\/ua\/author\/zbocx6n7zj65\/","title":"Nyelv\u00fcnk, kult\u00far\u00e1nk \u00e9s k\u00f6z\u00f6s \u00f6r\u00f6ks\u00e9g\u00fcnk \u00f6sszek\u00f6t benn\u00fcnket - K\u00e1rp\u00e1taljai Magyar Kultur\u00e1lis Sz\u00f6vegs\u00e9g Ifj\u00fas\u00e1gi Szervezete","type":"rich","width":600,"height":338,"html":"<blockquote class=\"wp-embedded-content\" data-secret=\"zLVpnLsXoI\"><a href=\"https:\/\/kmkszisz.com\/ua\/nyelvunk-kulturank-es-kozos-oroksegunk-osszekot-bennunket\/\">Nyelv\u00fcnk, kult\u00far\u00e1nk \u00e9s k\u00f6z\u00f6s \u00f6r\u00f6ks\u00e9g\u00fcnk \u00f6sszek\u00f6t benn\u00fcnket<\/a><\/blockquote><iframe sandbox=\"allow-scripts\" security=\"restricted\" src=\"https:\/\/kmkszisz.com\/ua\/nyelvunk-kulturank-es-kozos-oroksegunk-osszekot-bennunket\/embed\/#?secret=zLVpnLsXoI\" width=\"600\" height=\"338\" title=\"&#8220;Nyelv\u00fcnk, kult\u00far\u00e1nk \u00e9s k\u00f6z\u00f6s \u00f6r\u00f6ks\u00e9g\u00fcnk \u00f6sszek\u00f6t benn\u00fcnket&#8221; &#8212; K\u00e1rp\u00e1taljai Magyar Kultur\u00e1lis Sz\u00f6vegs\u00e9g Ifj\u00fas\u00e1gi Szervezete\" data-secret=\"zLVpnLsXoI\" frameborder=\"0\" marginwidth=\"0\" marginheight=\"0\" scrolling=\"no\" class=\"wp-embedded-content\"><\/iframe><script>\n\/*! This file is auto-generated *\/\n!function(d,l){\"use strict\";l.querySelector&&d.addEventListener&&\"undefined\"!=typeof URL&&(d.wp=d.wp||{},d.wp.receiveEmbedMessage||(d.wp.receiveEmbedMessage=function(e){var t=e.data;if((t||t.secret||t.message||t.value)&&!\/[^a-zA-Z0-9]\/.test(t.secret)){for(var s,r,n,a=l.querySelectorAll('iframe[data-secret=\"'+t.secret+'\"]'),o=l.querySelectorAll('blockquote[data-secret=\"'+t.secret+'\"]'),c=new RegExp(\"^https?:$\",\"i\"),i=0;i<o.length;i++)o[i].style.display=\"none\";for(i=0;i<a.length;i++)s=a[i],e.source===s.contentWindow&&(s.removeAttribute(\"style\"),\"height\"===t.message?(1e3<(r=parseInt(t.value,10))?r=1e3:~~r<200&&(r=200),s.height=r):\"link\"===t.message&&(r=new URL(s.getAttribute(\"src\")),n=new URL(t.value),c.test(n.protocol))&&n.host===r.host&&l.activeElement===s&&(d.top.location.href=t.value))}},d.addEventListener(\"message\",d.wp.receiveEmbedMessage,!1),l.addEventListener(\"DOMContentLoaded\",function(){for(var e,t,s=l.querySelectorAll(\"iframe.wp-embedded-content\"),r=0;r<s.length;r++)(t=(e=s[r]).getAttribute(\"data-secret\"))||(t=Math.random().toString(36).substring(2,12),e.src+=\"#?secret=\"+t,e.setAttribute(\"data-secret\",t)),e.contentWindow.postMessage({message:\"ready\",secret:t},\"*\")},!1)))}(window,document);\n\/\/# sourceURL=https:\/\/kmkszisz.com\/wp-includes\/js\/wp-embed.min.js\n<\/script>","thumbnail_url":"https:\/\/kmkszisz.com\/wp-content\/uploads\/2026\/03\/619892804_1368263612012298_8520844909413008495_n.jpg","thumbnail_width":600,"thumbnail_height":400,"description":"Minden \u00e9v janu\u00e1r 22-e kiemelt \u00fcnnep a magyars\u00e1g napt\u00e1r\u00e1ban. Ezen a napon \u00fcnnepelj\u00fck a Magyar Kult\u00fara Napj\u00e1t, fejet hajtva nemzeti [&hellip;]"}

Kárpátaljai Magyar Kulturális Szövegség Ifjúsági Szervezete

Nyelvünk, kultúránk és közös örökségünk összeköt bennünket - Kárpátaljai Magyar Kulturális Szövegség Ifjúsági Szervezete

<blockquote class="wp-embedded-content" data-secret="zLVpnLsXoI"><a href="https://kmkszisz.com/ua/nyelvunk-kulturank-es-kozos-oroksegunk-osszekot-bennunket/">Nyelvünk, kultúránk és közös örökségünk összeköt bennünket</a></blockquote><iframe sandbox="allow-scripts" security="restricted" src="https://kmkszisz.com/ua/nyelvunk-kulturank-es-kozos-oroksegunk-osszekot-bennunket/embed/#?secret=zLVpnLsXoI" width="600" height="338" title="&#8220;Nyelvünk, kultúránk és közös örökségünk összeköt bennünket&#8221; &#8212; Kárpátaljai Magyar Kulturális Szövegség Ifjúsági Szervezete" data-secret="zLVpnLsXoI" frameborder="0" marginwidth="0" marginheight="0" scrolling="no" class="wp-embedded-content"></iframe><script>
/*! This file is auto-generated */
!function(d,l){"use strict";l.querySelector&&d.addEventListener&&"undefined"!=typeof URL&&(d.wp=d.wp||{},d.wp.receiveEmbedMessage||(d.wp.receiveEmbedMessage=function(e){var t=e.data;if((t||t.secret||t.message||t.value)&&!/[^a-zA-Z0-9]/.test(t.secret)){for(var s,r,n,a=l.querySelectorAll('iframe[data-secret="'+t.secret+'"]'),o=l.querySelectorAll('blockquote[data-secret="'+t.secret+'"]'),c=new RegExp("^https?:$","i"),i=0;i<o.length;i++)o[i].style.display="none";for(i=0;i<a.length;i++)s=a[i],e.source===s.contentWindow&&(s.removeAttribute("style"),"height"===t.message?(1e3<(r=parseInt(t.value,10))?r=1e3:~~r<200&&(r=200),s.height=r):"link"===t.message&&(r=new URL(s.getAttribute("src")),n=new URL(t.value),c.test(n.protocol))&&n.host===r.host&&l.activeElement===s&&(d.top.location.href=t.value))}},d.addEventListener("message",d.wp.receiveEmbedMessage,!1),l.addEventListener("DOMContentLoaded",function(){for(var e,t,s=l.querySelectorAll("iframe.wp-embedded-content"),r=0;r<s.length;r++)(t=(e=s[r]).getAttribute("data-secret"))||(t=Math.random().toString(36).substring(2,12),e.src+="#?secret="+t,e.setAttribute("data-secret",t)),e.contentWindow.postMessage({message:"ready",secret:t},"*")},!1)))}(window,document);
//# sourceURL=https://kmkszisz.com/wp-includes/js/wp-embed.min.js
</script>

Minden év január 22-e kiemelt ünnep a magyarság naptárában. Ezen a napon ünnepeljük a Magyar Kultúra Napját, fejet hajtva nemzeti [&hellip;]
